{"id":15,"date":"2019-03-11T12:08:38","date_gmt":"2019-03-11T12:08:38","guid":{"rendered":"http:\/\/siacba.com.ar\/index.php\/about\/"},"modified":"2020-08-27T13:49:32","modified_gmt":"2020-08-27T13:49:32","slug":"nosotros","status":"publish","type":"page","link":"https:\/\/siacba.com.ar\/index.php\/nosotros\/","title":{"rendered":"NOSOTROS"},"content":{"rendered":"\t\t<div data-elementor-type=\"wp-post\" data-elementor-id=\"15\" class=\"elementor elementor-15\">\n\t\t\t\t\t\t<section class=\"elementor-section elementor-top-section elementor-element elementor-element-faab049 elementor-section-boxed elementor-section-height-default elementor-section-height-default\" data-id=\"faab049\" data-element_type=\"section\" data-settings=\"{&quot;background_background&quot;:&quot;classic&quot;}\">\n\t\t\t\t\t\t\t<div class=\"elementor-background-overlay\"><\/div>\n\t\t\t\t\t\t\t<div class=\"elementor-container elementor-column-gap-default\">\n\t\t\t\t\t<div class=\"elementor-column elementor-col-100 elementor-top-column elementor-element elementor-element-5d3ebc3\" data-id=\"5d3ebc3\" data-element_type=\"column\">\n\t\t\t<div class=\"elementor-widget-wrap elementor-element-populated\">\n\t\t\t\t\t\t<section class=\"elementor-section elementor-inner-section elementor-element elementor-element-4cf473d elementor-section-boxed elementor-section-height-default elementor-section-height-default\" data-id=\"4cf473d\" data-element_type=\"section\">\n\t\t\t\t\t\t<div class=\"elementor-container elementor-column-gap-default\">\n\t\t\t\t\t<div class=\"elementor-column elementor-col-66 elementor-inner-column elementor-element elementor-element-a5ab656\" data-id=\"a5ab656\" data-element_type=\"column\">\n\t\t\t<div class=\"elementor-widget-wrap\">\n\t\t\t\t\t\t\t<\/div>\n\t\t<\/div>\n\t\t\t\t<div class=\"elementor-column elementor-col-33 elementor-inner-column elementor-element elementor-element-d2433a7\" data-id=\"d2433a7\" data-element_type=\"column\">\n\t\t\t<div class=\"elementor-widget-wrap\">\n\t\t\t\t\t\t\t<\/div>\n\t\t<\/div>\n\t\t\t\t\t<\/div>\n\t\t<\/section>\n\t\t\t\t<section class=\"elementor-section elementor-inner-section elementor-element elementor-element-305fa5f elementor-section-boxed elementor-section-height-default elementor-section-height-default\" data-id=\"305fa5f\" data-element_type=\"section\">\n\t\t\t\t\t\t<div class=\"elementor-container elementor-column-gap-default\">\n\t\t\t\t\t<div class=\"elementor-column elementor-col-66 elementor-inner-column elementor-element elementor-element-09d9593\" data-id=\"09d9593\" data-element_type=\"column\">\n\t\t\t<div class=\"elementor-widget-wrap elementor-element-populated\">\n\t\t\t\t\t\t<div class=\"elementor-element elementor-element-6bded0a elementor-widget elementor-widget-heading\" data-id=\"6bded0a\" data-element_type=\"widget\" data-widget_type=\"heading.default\">\n\t\t\t\t<div class=\"elementor-widget-container\">\n\t\t\t<h2 class=\"elementor-heading-title elementor-size-default\">NOSOTROS<\/h2>\t\t<\/div>\n\t\t\t\t<\/div>\n\t\t\t\t\t<\/div>\n\t\t<\/div>\n\t\t\t\t<div class=\"elementor-column elementor-col-33 elementor-inner-column elementor-element elementor-element-0e098ad\" data-id=\"0e098ad\" data-element_type=\"column\" data-settings=\"{&quot;background_background&quot;:&quot;classic&quot;}\">\n\t\t\t<div class=\"elementor-widget-wrap elementor-element-populated\">\n\t\t\t\t\t\t<div class=\"elementor-element elementor-element-6fd63e1 elementor-widget elementor-widget-heading\" data-id=\"6fd63e1\" data-element_type=\"widget\" data-widget_type=\"heading.default\">\n\t\t\t\t<div class=\"elementor-widget-container\">\n\t\t\t<h5 class=\"elementor-heading-title elementor-size-default\">CONTACTANOS POR  <div class=\"elementor-icon\">\n\t\t\t<i aria-hidden=\"true\" class=\"fab fa-whatsapp\" style=\"color:white; font-size:0.4em; margin-bottom:-3px\"><\/i>\t\t\t<\/div><\/h5>\t\t<\/div>\n\t\t\t\t<\/div>\n\t\t\t\t<div class=\"elementor-element elementor-element-f3b1e92 elementor-widget elementor-widget-heading\" data-id=\"f3b1e92\" data-element_type=\"widget\" data-widget_type=\"heading.default\">\n\t\t\t\t<div class=\"elementor-widget-container\">\n\t\t\t<h3 class=\"elementor-heading-title elementor-size-default\"><a href=\"https:\/\/api.whatsapp.com\/send?phone=5493513457695&#038;text=Hola%20me%20interesa%20me%20contacten,%20gracias%20y%20Saludos!!!\">+54 351 345-7695<\/a><\/h3>\t\t<\/div>\n\t\t\t\t<\/div>\n\t\t\t\t\t<\/div>\n\t\t<\/div>\n\t\t\t\t\t<\/div>\n\t\t<\/section>\n\t\t\t\t\t<\/div>\n\t\t<\/div>\n\t\t\t\t\t<\/div>\n\t\t<\/section>\n\t\t\t\t<section class=\"elementor-section elementor-top-section elementor-element elementor-element-c16982b elementor-section-content-middle elementor-reverse-mobile elementor-section-boxed elementor-section-height-default elementor-section-height-default\" data-id=\"c16982b\" data-element_type=\"section\">\n\t\t\t\t\t\t<div class=\"elementor-container elementor-column-gap-default\">\n\t\t\t\t\t<div class=\"elementor-column elementor-col-66 elementor-top-column elementor-element elementor-element-cf76402\" data-id=\"cf76402\" data-element_type=\"column\" data-settings=\"{&quot;background_background&quot;:&quot;classic&quot;}\">\n\t\t\t<div class=\"elementor-widget-wrap elementor-element-populated\">\n\t\t\t\t\t\t<div class=\"elementor-element elementor-element-8f15f14 elementor-widget elementor-widget-heading\" data-id=\"8f15f14\" data-element_type=\"widget\" data-widget_type=\"heading.default\">\n\t\t\t\t<div class=\"elementor-widget-container\">\n\t\t\t<h3 class=\"elementor-heading-title elementor-size-default\">SIA - Servicio integral de almacenamiento.<\/h3>\t\t<\/div>\n\t\t\t\t<\/div>\n\t\t\t\t<div class=\"elementor-element elementor-element-129813c elementor-widget elementor-widget-text-editor\" data-id=\"129813c\" data-element_type=\"widget\" data-widget_type=\"text-editor.default\">\n\t\t\t\t<div class=\"elementor-widget-container\">\n\t\t\t\t\t\t\tCreada en 1998 en la ciudad de C\u00f3rdoba, Argentina. Proveemos al productor y al sector productivo en general una amplia gama de servicios.\n\t\t\t\t\t\t<\/div>\n\t\t\t\t<\/div>\n\t\t\t\t<div class=\"elementor-element elementor-element-c96fb58 elementor-widget-divider--view-line elementor-widget elementor-widget-divider\" data-id=\"c96fb58\" data-element_type=\"widget\" data-widget_type=\"divider.default\">\n\t\t\t\t<div class=\"elementor-widget-container\">\n\t\t\t\t\t<div class=\"elementor-divider\">\n\t\t\t<span class=\"elementor-divider-separator\">\n\t\t\t\t\t\t<\/span>\n\t\t<\/div>\n\t\t\t\t<\/div>\n\t\t\t\t<\/div>\n\t\t\t\t<div class=\"elementor-element elementor-element-9e5425d elementor-widget elementor-widget-text-editor\" data-id=\"9e5425d\" data-element_type=\"widget\" data-widget_type=\"text-editor.default\">\n\t\t\t\t<div class=\"elementor-widget-container\">\n\t\t\t\t\t\t\t<p>Estamos al servicio de nuestros clientes todo el a\u00f1o. Nuestro objetivo es brindar seguridad en el almacenamiento, manejo y cuidado de los productos o mercader\u00edas de quienes conf\u00edan en nuestros servicios, ofreciendo informaci\u00f3n y asesoramiento para una mejor toma de decisiones, incorporando rigurosidad t\u00e9cnica, modernizaci\u00f3n tecnol\u00f3gica y capacidad de gesti\u00f3n en la labor.<\/p><p>Contamos con un predio de 30.000 mt2 con 5.000 mt2 cubiertos. El PREDIO cuenta con tecnolog\u00eda de \u00faltima generaci\u00f3n y amplias instalaciones que facilitan la segura circulaci\u00f3n de camiones y utilitarios.<\/p><p>Geogr\u00e1ficamente estamos ubicados en una zona estrat\u00e9gica de la ciudad de C\u00f3rdoba (frente al Mercado de Abasto) con r\u00e1pidas v\u00edas de acceso.<\/p>\t\t\t\t\t\t<\/div>\n\t\t\t\t<\/div>\n\t\t\t\t\t<\/div>\n\t\t<\/div>\n\t\t\t\t<div class=\"elementor-column elementor-col-33 elementor-top-column elementor-element elementor-element-6e46a28\" data-id=\"6e46a28\" data-element_type=\"column\" data-settings=\"{&quot;background_background&quot;:&quot;classic&quot;}\">\n\t\t\t<div class=\"elementor-widget-wrap elementor-element-populated\">\n\t\t\t\t\t\t<div class=\"elementor-element elementor-element-df159c2 elementor-widget elementor-widget-image\" data-id=\"df159c2\" data-element_type=\"widget\" data-widget_type=\"image.default\">\n\t\t\t\t<div class=\"elementor-widget-container\">\n\t\t\t\t\t\t\t\t\t\t\t\t\t<img fetchpriority=\"high\" decoding=\"async\" width=\"1301\" height=\"2560\" src=\"https:\/\/siacba.com.ar\/wp-content\/uploads\/2020\/08\/interna-nosotros-scaled.jpg\" class=\"attachment-full size-full wp-image-775\" alt=\"\" srcset=\"https:\/\/siacba.com.ar\/wp-content\/uploads\/2020\/08\/interna-nosotros-scaled.jpg 1301w, https:\/\/siacba.com.ar\/wp-content\/uploads\/2020\/08\/interna-nosotros-152x300.jpg 152w, https:\/\/siacba.com.ar\/wp-content\/uploads\/2020\/08\/interna-nosotros-520x1024.jpg 520w, https:\/\/siacba.com.ar\/wp-content\/uploads\/2020\/08\/interna-nosotros-768x1512.jpg 768w, https:\/\/siacba.com.ar\/wp-content\/uploads\/2020\/08\/interna-nosotros-780x1536.jpg 780w, https:\/\/siacba.com.ar\/wp-content\/uploads\/2020\/08\/interna-nosotros-1041x2048.jpg 1041w\" sizes=\"(max-width: 1301px) 100vw, 1301px\" \/>\t\t\t\t\t\t\t\t\t\t\t\t\t<\/div>\n\t\t\t\t<\/div>\n\t\t\t\t\t<\/div>\n\t\t<\/div>\n\t\t\t\t\t<\/div>\n\t\t<\/section>\n\t\t\t\t<section class=\"elementor-section elementor-top-section elementor-element elementor-element-c868285 elementor-section-content-middle elementor-section-boxed elementor-section-height-default elementor-section-height-default\" data-id=\"c868285\" data-element_type=\"section\" data-settings=\"{&quot;background_background&quot;:&quot;classic&quot;}\">\n\t\t\t\t\t\t\t<div class=\"elementor-background-overlay\"><\/div>\n\t\t\t\t\t\t\t<div class=\"elementor-container elementor-column-gap-no\">\n\t\t\t\t\t<div class=\"elementor-column elementor-col-66 elementor-top-column elementor-element elementor-element-d31cfbe\" data-id=\"d31cfbe\" data-element_type=\"column\">\n\t\t\t<div class=\"elementor-widget-wrap elementor-element-populated\">\n\t\t\t\t\t\t<div class=\"elementor-element elementor-element-b87bc94 elementor-widget elementor-widget-heading\" data-id=\"b87bc94\" data-element_type=\"widget\" data-widget_type=\"heading.default\">\n\t\t\t\t<div class=\"elementor-widget-container\">\n\t\t\t<h3 class=\"elementor-heading-title elementor-size-default\">SEGUINOS EN NUESTRAS REDES<\/h3>\t\t<\/div>\n\t\t\t\t<\/div>\n\t\t\t\t\t<\/div>\n\t\t<\/div>\n\t\t\t\t<div class=\"elementor-column elementor-col-33 elementor-top-column elementor-element elementor-element-563c3a7\" data-id=\"563c3a7\" data-element_type=\"column\">\n\t\t\t<div class=\"elementor-widget-wrap elementor-element-populated\">\n\t\t\t\t\t\t<section class=\"elementor-section elementor-inner-section elementor-element elementor-element-0dd06bc elementor-section-boxed elementor-section-height-default elementor-section-height-default\" data-id=\"0dd06bc\" data-element_type=\"section\">\n\t\t\t\t\t\t<div class=\"elementor-container elementor-column-gap-default\">\n\t\t\t\t\t<div class=\"elementor-column elementor-col-50 elementor-inner-column elementor-element elementor-element-990eb18\" data-id=\"990eb18\" data-element_type=\"column\">\n\t\t\t<div class=\"elementor-widget-wrap elementor-element-populated\">\n\t\t\t\t\t\t<div class=\"elementor-element elementor-element-f521e6c face-icon elementor-widget elementor-widget-image\" data-id=\"f521e6c\" data-element_type=\"widget\" data-widget_type=\"image.default\">\n\t\t\t\t<div class=\"elementor-widget-container\">\n\t\t\t\t\t\t\t\t\t\t\t\t\t<img decoding=\"async\" src=\"https:\/\/siacba.com.ar\/wp-content\/uploads\/elementor\/thumbs\/face-otvyrmrm6ujp9zdvur7ostphmj5erth5gdicn1s8io.png\" title=\"face\" alt=\"face\" loading=\"lazy\" \/>\t\t\t\t\t\t\t\t\t\t\t\t\t<\/div>\n\t\t\t\t<\/div>\n\t\t\t\t\t<\/div>\n\t\t<\/div>\n\t\t\t\t<div class=\"elementor-column elementor-col-50 elementor-inner-column elementor-element elementor-element-ac82fd8\" data-id=\"ac82fd8\" data-element_type=\"column\">\n\t\t\t<div class=\"elementor-widget-wrap elementor-element-populated\">\n\t\t\t\t\t\t<div class=\"elementor-element elementor-element-4cacec2 insta-icon elementor-widget elementor-widget-image\" data-id=\"4cacec2\" data-element_type=\"widget\" data-widget_type=\"image.default\">\n\t\t\t\t<div class=\"elementor-widget-container\">\n\t\t\t\t\t\t\t\t\t\t\t\t\t<img decoding=\"async\" src=\"https:\/\/siacba.com.ar\/wp-content\/uploads\/elementor\/thumbs\/instagram-otvyrmrm6ujp9zdvur7ostphmj5erth5gdicn1s8io.png\" title=\"instagram\" alt=\"instagram\" loading=\"lazy\" \/>\t\t\t\t\t\t\t\t\t\t\t\t\t<\/div>\n\t\t\t\t<\/div>\n\t\t\t\t\t<\/div>\n\t\t<\/div>\n\t\t\t\t\t<\/div>\n\t\t<\/section>\n\t\t\t\t\t<\/div>\n\t\t<\/div>\n\t\t\t\t\t<\/div>\n\t\t<\/section>\n\t\t\t\t<\/div>\n\t\t","protected":false},"excerpt":{"rendered":"<p>NOSOTROS CONTACTANOS POR +54 351 345-7695 SIA &#8211; Servicio integral de almacenamiento. Creada en 1998 en la ciudad de C\u00f3rdoba, Argentina. Proveemos al productor y al sector productivo en general una amplia gama de servicios. Estamos al servicio de nuestros clientes todo el a\u00f1o. Nuestro objetivo es brindar seguridad en el almacenamiento, manejo y cuidado [&hellip;]<\/p>\n","protected":false},"author":1,"featured_media":0,"parent":0,"menu_order":0,"comment_status":"closed","ping_status":"closed","template":"","meta":{"site-sidebar-layout":"default","site-content-layout":"page-builder","ast-site-content-layout":"","site-content-style":"default","site-sidebar-style":"default","ast-global-header-display":"","ast-banner-title-visibility":"","ast-main-header-display":"","ast-hfb-above-header-display":"","ast-hfb-below-header-display":"","ast-hfb-mobile-header-display":"","site-post-title":"disabled","ast-breadcrumbs-content":"","ast-featured-img":"disabled","footer-sml-layout":"","theme-transparent-header-meta":"enabled","adv-header-id-meta":"","stick-header-meta":"","header-above-stick-meta":"","header-main-stick-meta":"","header-below-stick-meta":"","astra-migrate-meta-layouts":"default","ast-page-background-enabled":"default","ast-page-background-meta":{"desktop":{"background-color":"var(--ast-global-color-4)","background-image":"","background-repeat":"repeat","background-position":"center center","background-size":"auto","background-attachment":"scroll","background-type":"","background-media":"","overlay-type":"","overlay-color":"","overlay-opacity":"","overlay-gradient":""},"tablet":{"background-color":"","background-image":"","background-repeat":"repeat","background-position":"center center","background-size":"auto","background-attachment":"scroll","background-type":"","background-media":"","overlay-type":"","overlay-color":"","overlay-opacity":"","overlay-gradient":""},"mobile":{"background-color":"","background-image":"","background-repeat":"repeat","background-position":"center center","background-size":"auto","background-attachment":"scroll","background-type":"","background-media":"","overlay-type":"","overlay-color":"","overlay-opacity":"","overlay-gradient":""}},"ast-content-background-meta":{"desktop":{"background-color":"var(--ast-global-color-5)","background-image":"","background-repeat":"repeat","background-position":"center center","background-size":"auto","background-attachment":"scroll","background-type":"","background-media":"","overlay-type":"","overlay-color":"","overlay-opacity":"","overlay-gradient":""},"tablet":{"background-color":"var(--ast-global-color-5)","background-image":"","background-repeat":"repeat","background-position":"center center","background-size":"auto","background-attachment":"scroll","background-type":"","background-media":"","overlay-type":"","overlay-color":"","overlay-opacity":"","overlay-gradient":""},"mobile":{"background-color":"var(--ast-global-color-5)","background-image":"","background-repeat":"repeat","background-position":"center center","background-size":"auto","background-attachment":"scroll","background-type":"","background-media":"","overlay-type":"","overlay-color":"","overlay-opacity":"","overlay-gradient":""}},"ngg_post_thumbnail":0,"footnotes":""},"class_list":["post-15","page","type-page","status-publish","hentry"],"yoast_head":"<!-- This site is optimized with the Yoast SEO plugin v23.0 - https:\/\/yoast.com\/wordpress\/plugins\/seo\/ -->\n<title>NOSOTROS - SIA - Servicio Integral de Almacenamiento<\/title>\n<meta name=\"robots\" content=\"index, follow, max-snippet:-1, max-image-preview:large, max-video-preview:-1\" \/>\n<link rel=\"canonical\" href=\"https:\/\/siacba.com.ar\/index.php\/nosotros\/\" \/>\n<meta property=\"og:locale\" content=\"es_ES\" \/>\n<meta property=\"og:type\" content=\"article\" \/>\n<meta property=\"og:title\" content=\"NOSOTROS - SIA - Servicio Integral de Almacenamiento\" \/>\n<meta property=\"og:description\" content=\"NOSOTROS CONTACTANOS POR +54 351 345-7695 SIA &#8211; Servicio integral de almacenamiento. Creada en 1998 en la ciudad de C\u00f3rdoba, Argentina. Proveemos al productor y al sector productivo en general una amplia gama de servicios. Estamos al servicio de nuestros clientes todo el a\u00f1o. Nuestro objetivo es brindar seguridad en el almacenamiento, manejo y cuidado [&hellip;]\" \/>\n<meta property=\"og:url\" content=\"https:\/\/siacba.com.ar\/index.php\/nosotros\/\" \/>\n<meta property=\"og:site_name\" content=\"SIA - Servicio Integral de Almacenamiento\" \/>\n<meta property=\"article:modified_time\" content=\"2020-08-27T13:49:32+00:00\" \/>\n<meta property=\"og:image\" content=\"http:\/\/siacba.com.ar\/wp-content\/uploads\/2020\/08\/interna-nosotros-scaled.jpg\" \/>\n<meta name=\"twitter:card\" content=\"summary_large_image\" \/>\n<meta name=\"twitter:label1\" content=\"Tiempo de lectura\" \/>\n\t<meta name=\"twitter:data1\" content=\"1 minuto\" \/>\n<script type=\"application\/ld+json\" class=\"yoast-schema-graph\">{\"@context\":\"https:\/\/schema.org\",\"@graph\":[{\"@type\":\"WebPage\",\"@id\":\"https:\/\/siacba.com.ar\/index.php\/nosotros\/\",\"url\":\"https:\/\/siacba.com.ar\/index.php\/nosotros\/\",\"name\":\"NOSOTROS - SIA - Servicio Integral de Almacenamiento\",\"isPartOf\":{\"@id\":\"https:\/\/siacba.com.ar\/#website\"},\"primaryImageOfPage\":{\"@id\":\"https:\/\/siacba.com.ar\/index.php\/nosotros\/#primaryimage\"},\"image\":{\"@id\":\"https:\/\/siacba.com.ar\/index.php\/nosotros\/#primaryimage\"},\"thumbnailUrl\":\"http:\/\/siacba.com.ar\/wp-content\/uploads\/2020\/08\/interna-nosotros-scaled.jpg\",\"datePublished\":\"2019-03-11T12:08:38+00:00\",\"dateModified\":\"2020-08-27T13:49:32+00:00\",\"breadcrumb\":{\"@id\":\"https:\/\/siacba.com.ar\/index.php\/nosotros\/#breadcrumb\"},\"inLanguage\":\"es\",\"potentialAction\":[{\"@type\":\"ReadAction\",\"target\":[\"https:\/\/siacba.com.ar\/index.php\/nosotros\/\"]}]},{\"@type\":\"ImageObject\",\"inLanguage\":\"es\",\"@id\":\"https:\/\/siacba.com.ar\/index.php\/nosotros\/#primaryimage\",\"url\":\"https:\/\/siacba.com.ar\/wp-content\/uploads\/2020\/08\/interna-nosotros-scaled.jpg\",\"contentUrl\":\"https:\/\/siacba.com.ar\/wp-content\/uploads\/2020\/08\/interna-nosotros-scaled.jpg\",\"width\":1301,\"height\":2560},{\"@type\":\"BreadcrumbList\",\"@id\":\"https:\/\/siacba.com.ar\/index.php\/nosotros\/#breadcrumb\",\"itemListElement\":[{\"@type\":\"ListItem\",\"position\":1,\"name\":\"Portada\",\"item\":\"https:\/\/siacba.com.ar\/\"},{\"@type\":\"ListItem\",\"position\":2,\"name\":\"NOSOTROS\"}]},{\"@type\":\"WebSite\",\"@id\":\"https:\/\/siacba.com.ar\/#website\",\"url\":\"https:\/\/siacba.com.ar\/\",\"name\":\"SIA - Servicio Integral de Almacenamiento\",\"description\":\"\",\"publisher\":{\"@id\":\"https:\/\/siacba.com.ar\/#organization\"},\"potentialAction\":[{\"@type\":\"SearchAction\",\"target\":{\"@type\":\"EntryPoint\",\"urlTemplate\":\"https:\/\/siacba.com.ar\/?s={search_term_string}\"},\"query-input\":\"required name=search_term_string\"}],\"inLanguage\":\"es\"},{\"@type\":\"Organization\",\"@id\":\"https:\/\/siacba.com.ar\/#organization\",\"name\":\"SIA - Servicio Integral de Almacenamiento\",\"url\":\"https:\/\/siacba.com.ar\/\",\"logo\":{\"@type\":\"ImageObject\",\"inLanguage\":\"es\",\"@id\":\"https:\/\/siacba.com.ar\/#\/schema\/logo\/image\/\",\"url\":\"https:\/\/siacba.com.ar\/wp-content\/uploads\/2020\/08\/logo-iconos-azul.png\",\"contentUrl\":\"https:\/\/siacba.com.ar\/wp-content\/uploads\/2020\/08\/logo-iconos-azul.png\",\"width\":300,\"height\":96,\"caption\":\"SIA - Servicio Integral de Almacenamiento\"},\"image\":{\"@id\":\"https:\/\/siacba.com.ar\/#\/schema\/logo\/image\/\"}}]}<\/script>\n<!-- \/ Yoast SEO plugin. -->","yoast_head_json":{"title":"NOSOTROS - SIA - Servicio Integral de Almacenamiento","robots":{"index":"index","follow":"follow","max-snippet":"max-snippet:-1","max-image-preview":"max-image-preview:large","max-video-preview":"max-video-preview:-1"},"canonical":"https:\/\/siacba.com.ar\/index.php\/nosotros\/","og_locale":"es_ES","og_type":"article","og_title":"NOSOTROS - SIA - Servicio Integral de Almacenamiento","og_description":"NOSOTROS CONTACTANOS POR +54 351 345-7695 SIA &#8211; Servicio integral de almacenamiento. Creada en 1998 en la ciudad de C\u00f3rdoba, Argentina. Proveemos al productor y al sector productivo en general una amplia gama de servicios. Estamos al servicio de nuestros clientes todo el a\u00f1o. Nuestro objetivo es brindar seguridad en el almacenamiento, manejo y cuidado [&hellip;]","og_url":"https:\/\/siacba.com.ar\/index.php\/nosotros\/","og_site_name":"SIA - Servicio Integral de Almacenamiento","article_modified_time":"2020-08-27T13:49:32+00:00","og_image":[{"url":"http:\/\/siacba.com.ar\/wp-content\/uploads\/2020\/08\/interna-nosotros-scaled.jpg"}],"twitter_card":"summary_large_image","twitter_misc":{"Tiempo de lectura":"1 minuto"},"schema":{"@context":"https:\/\/schema.org","@graph":[{"@type":"WebPage","@id":"https:\/\/siacba.com.ar\/index.php\/nosotros\/","url":"https:\/\/siacba.com.ar\/index.php\/nosotros\/","name":"NOSOTROS - SIA - Servicio Integral de Almacenamiento","isPartOf":{"@id":"https:\/\/siacba.com.ar\/#website"},"primaryImageOfPage":{"@id":"https:\/\/siacba.com.ar\/index.php\/nosotros\/#primaryimage"},"image":{"@id":"https:\/\/siacba.com.ar\/index.php\/nosotros\/#primaryimage"},"thumbnailUrl":"http:\/\/siacba.com.ar\/wp-content\/uploads\/2020\/08\/interna-nosotros-scaled.jpg","datePublished":"2019-03-11T12:08:38+00:00","dateModified":"2020-08-27T13:49:32+00:00","breadcrumb":{"@id":"https:\/\/siacba.com.ar\/index.php\/nosotros\/#breadcrumb"},"inLanguage":"es","potentialAction":[{"@type":"ReadAction","target":["https:\/\/siacba.com.ar\/index.php\/nosotros\/"]}]},{"@type":"ImageObject","inLanguage":"es","@id":"https:\/\/siacba.com.ar\/index.php\/nosotros\/#primaryimage","url":"https:\/\/siacba.com.ar\/wp-content\/uploads\/2020\/08\/interna-nosotros-scaled.jpg","contentUrl":"https:\/\/siacba.com.ar\/wp-content\/uploads\/2020\/08\/interna-nosotros-scaled.jpg","width":1301,"height":2560},{"@type":"BreadcrumbList","@id":"https:\/\/siacba.com.ar\/index.php\/nosotros\/#breadcrumb","itemListElement":[{"@type":"ListItem","position":1,"name":"Portada","item":"https:\/\/siacba.com.ar\/"},{"@type":"ListItem","position":2,"name":"NOSOTROS"}]},{"@type":"WebSite","@id":"https:\/\/siacba.com.ar\/#website","url":"https:\/\/siacba.com.ar\/","name":"SIA - Servicio Integral de Almacenamiento","description":"","publisher":{"@id":"https:\/\/siacba.com.ar\/#organization"},"potentialAction":[{"@type":"SearchAction","target":{"@type":"EntryPoint","urlTemplate":"https:\/\/siacba.com.ar\/?s={search_term_string}"},"query-input":"required name=search_term_string"}],"inLanguage":"es"},{"@type":"Organization","@id":"https:\/\/siacba.com.ar\/#organization","name":"SIA - Servicio Integral de Almacenamiento","url":"https:\/\/siacba.com.ar\/","logo":{"@type":"ImageObject","inLanguage":"es","@id":"https:\/\/siacba.com.ar\/#\/schema\/logo\/image\/","url":"https:\/\/siacba.com.ar\/wp-content\/uploads\/2020\/08\/logo-iconos-azul.png","contentUrl":"https:\/\/siacba.com.ar\/wp-content\/uploads\/2020\/08\/logo-iconos-azul.png","width":300,"height":96,"caption":"SIA - Servicio Integral de Almacenamiento"},"image":{"@id":"https:\/\/siacba.com.ar\/#\/schema\/logo\/image\/"}}]}},"_links":{"self":[{"href":"https:\/\/siacba.com.ar\/index.php\/wp-json\/wp\/v2\/pages\/15"}],"collection":[{"href":"https:\/\/siacba.com.ar\/index.php\/wp-json\/wp\/v2\/pages"}],"about":[{"href":"https:\/\/siacba.com.ar\/index.php\/wp-json\/wp\/v2\/types\/page"}],"author":[{"embeddable":true,"href":"https:\/\/siacba.com.ar\/index.php\/wp-json\/wp\/v2\/users\/1"}],"replies":[{"embeddable":true,"href":"https:\/\/siacba.com.ar\/index.php\/wp-json\/wp\/v2\/comments?post=15"}],"version-history":[{"count":33,"href":"https:\/\/siacba.com.ar\/index.php\/wp-json\/wp\/v2\/pages\/15\/revisions"}],"predecessor-version":[{"id":938,"href":"https:\/\/siacba.com.ar\/index.php\/wp-json\/wp\/v2\/pages\/15\/revisions\/938"}],"wp:attachment":[{"href":"https:\/\/siacba.com.ar\/index.php\/wp-json\/wp\/v2\/media?parent=15"}],"curies":[{"name":"wp","href":"https:\/\/api.w.org\/{rel}","templated":true}]}}